t c(j) = -j + p - 3*j + 5*j. Determine c(5).
8
Let b(x) be the third derivative of 0*x + 3*x**2 + 5/6*x**3 + 1/24*x**4 + 0. Calculate b(-5).
0
Let d(i) = -5*i**2 - 4*i**3 + 3*i + 1 - 4*i + 0*i. Let u(k) = k**3 + k - 1. Let p(s) = -d(s) - 5*u(s). Determine p(3).
10
Suppose -5*u + 36 - 9 = 2*r, -u = -5*r. Suppose 0 = 4*d - 2*p - 10, 10 = u*d - 2*p - 3. Let o(w) = 2*w - 2. Give o(d).
4
Let x(c) = -c - 1. Let y(z) = -1. Let h(i) = -i**2 + 2*i - 4. Let k(q) = -h(q) + 2*y(q). Let d(g) = 4*g**2 - 1. Let u be d(1). Let f be k(u). Give x(f).
-6
Suppose -12 = -y - 3*y. Suppose 0 = n - 0*n - y. Let a(b) = n - 4*b + 3*b - 5. Determine a(-4).
2
Let g(b) = 3*b**3 + 4*b**2 - 3*b - 4. Let i(l) = -5*l**3 - 6*l**2 + 5*l + 6. Let s(h) = -8*g(h) - 5*i(h). Let v = -9 - -12. What is s(v)?
8
Let g be ((-14)/4)/((-1)/2). Suppose -3*l + 0*s = -2*s + 5, 2*s - g = l. Let i(n) = 8*n**2 - 1. What is i(l)?
7
Let z(t) = -3*t - 5. Let u(o) = o**2 + 9*o - 6. Let x be u(-9). Give z(x).
13
Let c = 5 + -18. Let h = -15 - c. Let s(p) = p**2 + p + 2. Calculate s(h).
4
Let o(l) = l**3 + 4*l**2 + 2. Let i = -8 - -12. Let a be (-3)/(-3) - 12/i. Give o(a).
10
Let x(q) = -6*q**3 - 8*q**2 - 8*q + 3. Let w(b) = 5*b**3 + 7*b**2 + 7*b - 4. Suppose -7 - 7 = 2*f. Let d(c) = f*w(c) - 6*x(c). Give d(0).
10
Let q(p) = 6*p**2 + 2*p - 23. Let k(b) = -2*b**2 - b + 8. Let w(a) = -11*k(a) - 4*q(a). What is w(3)?
-5
Suppose -10*a = -11*a - 3*b + 10, a - 2*b = 0. Let t(z) = -2 + 3*z - 5*z**2 + z**3 + 1 - 2. What is t(a)?
-7
Let k(y) be the first derivative of -7*y**4/4 + y**3/3 + y**2/2 - 2. Let g be 2 + -4 + 20 + 0. Let x be (12/g)/(2/(-3)). Give k(x).
7
Let b(g) = g**2 + 5*g + 2. Let c(f) = -f + 4. Let h be c(8). Calculate b(h).
-2
Let i = -15 + 16. Let f(c) = 9*c + 1. Calculate f(i).
10
Suppose -3*g + 0*r - 5 = 4*r, 3*g - 1 = -r. Let f(n) = 8*n**3 + 2*n**2 - 2*n + 1. Give f(g).
9
Let n(p) be the third derivative of p**4/24 - 5*p**3/6 - 5*p**2. Calculate n(-5).
-10
Let q(k) = 2*k**2 + 2*k + 3. Let z(f) = -1. Let c(d) = -q(d) - 5*z(d). Suppose i + 6 = 4*i. Let s = i - 4. Determine c(s).
-2
Let p(k) = -k. Let l be p(-3). Suppose -4 = -c - l*c. Let v(h) = 5 - h - h**2 - c + 5*h. Determine v(5).
-1
Suppose 65 = 3*w + 38. Let g(k) = k**3 - 8*k**2 - 10*k + 4. What is g(w)?
-5
Let r(v) be the first derivative of v**3/3 + 3*v**2 + 3*v - 3. Determine r(-5).
-2
Let p(c) be the second derivative of c**3/6 - 2*c**2 + 8*c. What is p(6)?
2
Let y be (-2)/6*(-11 - -5). Let t(v) = -3*v - 1. Give t(y).
-7
Let i(b) = 10 + 6*b - 10 + 0 + 1. Let j(g) = 2*g**3 - g. Let c be j(-1). Calculate i(c).
-5
Let y(z) = -z**2 + 13*z + 2. Let w = -7 - -20. Give y(w).
2
Let s(o) = -o**3 + 2*o**2 - 2. Let z(u) = 3*u - 2. Let b be z(2). Let c be (-46)/(-10) - b/(-10). Suppose -h + 3 = c*d + 1, -2*h = 2*d - 4. What is s(h)?
-2
Let k(s) = -s**2 + 4. Suppose -4*w + h + 0 = 4, 4*h - 16 = -2*w. Let n be k(w). Let u(c) = -5 - 3 + 2*c + n. Determine u(5).
6
Let n(d) = 3*d**2 - d. Let r(y) = -4*y + 9. Let o(l) = l - 1. Let h be (2/(-10))/(4/(-20)). Let c(m) = h*r(m) + 5*o(m). Let p be c(-3). What is n(p)?
2
Let f(g) = -g. Suppose 0 = -0*k - 5*k + 15. Let s = -1 + k. Suppose -s*h = -7*h - 10. Calculate f(h).
2
Let p = -9 + 4. Let d(n) be the first derivative of n**3/3 + 2*n**2 - 2*n + 2. Determine d(p).
3
Let f = -7 + 11. Let a(r) = -5*r**2 - 11*r - 9. Let u(i) = -11*i**2 - 23*i - 19. Let l(c) = f*u(c) - 9*a(c). Let y = 5 + -10. Calculate l(y).
-5
Let c be 1*4/(-2) + 4 + 1. Let m(u) be the first derivative of -u + 1 + 0*u**2 + 7/3*u**c. What is m(1)?
6
Let g(o) = 6*o + 5. Let b(x) = 3*x + 2. Let c(t) = -10*b(t) + 4*g(t). What is c(-1)?
6
Let o(d) = d**2 + 2. Let z = 12 - 7. Suppose 2*m - 4*m - 6 = -w, -z*m - 15 = w. What is o(w)?
2
Let u(m) = 5 - 2*m - 3*m**3 - 4*m + 6*m**2 + 2*m**3. Let l be (-1 - 0/(-1))*-5. Let t(a) = -a**3 + 6*a**2 - 6*a + 6. Let h(b) = l*t(b) - 6*u(b). What is h(5)?
5
Let l be (-1 + 2)/(-4 + (2 - -1)). Let a(r) be the first derivative of r**4 + r**3/3 + r**2 + r + 2. Give a(l).
-4
Let g be (-2 + 0)*2/(-4). Suppose -7 = -4*o + g. Let f be (27/6)/(-3)*o. Let a(v) = -v**2 - 5*v - 4. What is a(f)?
2
Let h(g) be the third derivative of g**6/120 - g**5/20 - 5*g**4/24 + 2*g**3/3 - 34*g**2. Give h(4).
0
Let a(h) = -h + 7. Let d(b) = -2*b - 5. Let r be d(-5). Determine a(r).
2
Let o(k) = k**3 - k**2 - 5*k + 1. Let g be o(2). Let y(c) = c**3 + 5*c**2 - 3. What is y(g)?
-3
Let p(v) = 4*v + 4. Let b(u) = -5*u - 4. Let s(x) = 2*b(x) + 3*p(x). Let z be s(0). Let i(y) = 2*y**2 + 3 - 4 + 6*y - 2 - y**3. Give i(z).
-11
Let v(b) = -b**3 + 6*b**2 - 4*b + 3. Let h(w) = -w**3 + 8*w**2 - 8*w + 17. Let i be h(7). Suppose k - i = -k. What is v(k)?
8
Suppose 4*z + 7 = -1. Let c(b) = b**3 + b**2 + 4*b + 3. Calculate c(z).
-9
Let x be (-3 + -1 + 11)/(-1). Let k = x - -4. Let h(r) = -5*r**2 + 21*r + 7. Let j(q) = q**2 - 5*q - 2. Let t(i) = 2*h(i) + 9*j(i). Give t(k).
-4
Let m(z) = -3*z + 6. Suppose -4*r = -k + 1, 5*r = -2*k + 11 + 4. Suppose 0 = a - 1 - r. Let c(o) = o**3 - 2*o. Let n be c(a). Give m(n).
-6
Let k(a) = -a**3 - 6*a**2 - 6*a + 2. Let d be -2 + 10/35 + (-46)/14. Determine k(d).
7
Let z(q) = -q**2 + 3*q. Let n be z(2). Let g(d) be the second derivative of -1/6*d**4 + 0 + 2*d - 1/10*d**5 + 1/2*d**3 + 3/2*d**n. Give g(-2).
5
Let v(g) be the second derivative of 0 + 0*g**3 - 1/720*g**6 - 1/15*g**5 + 2*g + 1/12*g**4 + 0*g**2. Let k(d) be the third derivative of v(d). Determine k(-6).
-2
Let r(h) = -51*h**3 + 5*h + 52*h**3 - 3*h**2 - 2*h. Let l be r(2). Let x(w) = w**2 - w - 1. Give x(l).
1
Suppose -u = -4*d - 6, u + d - 2*d = 3. Suppose 3*i = -3 + 6. Let g(l) = u*l + l + l - i. Determine g(2).
7
Let v(x) = x + 3. Let b(f) = 2*f + 7. Let w(q) = -2*b(q) + 5*v(q). Let t = -2 - -4. Let p = 2 + t. Calculate w(p).
5
Let z(f) = -f**2 - 7*f - 6. Let y be z(-5). Let x = y - 4. Let d(m) = -4*m**3 + 4*m**3 - m - 6 - m**3. Calculate d(x).
-6
Let s = 9 + -5. Let g(d) = -d**2 - 1 + 11*d + 26*d - 34*d. Determine g(s).
-5
Suppose -h = -4*f + f - 2, 2*f + 2*h = 12. Let o(z) be the second derivative of z**4/2 - z**3/3 + z**2/2 + 53*z. Give o(f).
5
Let s = 3 + -5. Suppose -5*w - h + 39 = 0, 0 = -w - w + 5*h + 21. Let t(k) = -6*k - 7 + 4 - w*k - 2*k**2 + 12*k. Calculate t(s).
-7
Let r be (-6)/4*(-12)/9. Let d(u) = 0*u**3 + u**3 - r*u**3 - 3*u**2 + 6*u + 4 + 0*u**3. Let l be 38/(-10) - 2/10. What is d(l)?
-4
Let h(m) = m + 5. Let v be h(-4). Let z(o) be the third derivative of 1/6*o**3 + 0*o**5 - 1/24*o**4 + o**2 + 1/24*o**6 + 0*o + 0. Calculate z(v).
5
Let l(g) = -7*g**2 - 3*g. Let y(d) = 13*d**2 + 6*d. Let r(c) = -5*l(c) - 3*y(c). Let j be 3/(3/2) - 4. Determine r(j).
-10
Let v(r) = -r**2 + 5*r + 5. Suppose -2*l + 4*l = -8. Let y be 1/l - 75/(-12). Determine v(y).
-1
Let g(p) = 2*p**3 - 6*p**2 - p + 1. Let u(v) = -v**3 - v + 1. Let y(i) = -g(i) - 3*u(i). Let o be (6 - 2)/(1 + -2). What is y(o)?
12
Suppose 0 = -4*a + 2 + 2, 4*m + 2*a - 14 = 0. Let r(s) = -5*s + s + 3*s + 173*s**3 + s**2 - 171*s**m. Give r(1).
2
Suppose 7 + 8 = 5*a. Let t(z) = z**3 - 4*z**2 + 10*z + 7. Let d(w) = w**3 - 4*w**2 + 9*w + 6. Let v(i) = -6*d(i) + 5*t(i). Give v(a).
-4
Let s(b) = 4*b**2 + 2 + 2*b**2 - 28*b + 22*b + b**3 + 1. Determine s(-7).
-4
Let v(u) be the first derivative of 1/4*u**4 + 3 - 4*u + u**2 - 2*u**3. Determine v(6).
8
Let q(z) be the second derivative of -z**5/20 + 7*z**4/12 - 3*z**3/2 + 5*z**2/2 + 3*z. What is q(6)?
-13
Let n = 81 - 79. Let h be (-39)/(-15) + (-2)/(-5). Let z(m) = m + h*m - 2*m + 1. Determine z(n).
5
Let m(d) = -2*d**3 - 5*d - 1. Let u(y) = -5*y**3 - 14*y - 3. Let l(b) = 8*m(b) - 3*u(b). Let o be 8/3 - (-10)/(-15). Give l(o).
-3
Let b(k) be the third derivative of -11*k**5/60 + k**4/24 + 2*k**2 + 28*k. Calculate b(1).
-10
Let v(s) = 8*s**2 - 1. Suppose -4*l = 2*r - 60 - 58, -5*r = 4*l - 127. Let f be 6/15 + l/(-20). Give v(f).
7
Let x(z) be the second derivative of -z**3/6 + z**2/2 - 5*z. Calculate x(-5).
6
Let g(k) be the first derivative of -k**4/4 + 5*k**3/3 + k**2/2 - 5*k - 48. Determine g(5).
0
Let n = -272 + 411. Suppose 4*w + t - n = 0, -w + 18 + 7 = -3*t. Suppose 3*x - w = -5*a, -3*a + 17 = -x + 5. Let p(i) = -i**3 + 2*i**2 + 3*i + 2. Give p(x).
2
Let k(q) = q + 2. Let z be (0 - 3)*(-1 + 2). Give k(z).
-1
Let h(y) = -y**3 - 4*y**2 + y + 1.